.
3
Let z(b) be the first derivative of b**2 + 2*b - 49. Determine z(4).
10
Let p(b) = 2*b**2 - 21*b + 44. Let o be p(8). Let d(m) be the third derivative of -1/6*m**o - 3*m**2 + 0 + 0*m**3 - 1/60*m**5 + 0*m. Determine d(-4).
0
Let x(y) = -y + 9*y**2 + 3*y - 26*y**2 + 16*y**2. What is x(6)?
-24
Let o(l) = -9*l + 1. Suppose -302 + 306 = -k. Calculate o(k).
37
Let d(z) = -4*z**3 + 31*z**2 + 15*z - 17. Let l(s) = -5*s**3 + 36*s**2 + 18*s - 20. Let o(h) = -6*d(h) + 5*l(h). Suppose -18 = -0*g + 3*g. Give o(g).
2
Let s(j) = 2*j + 2. Suppose 13 = 3*t - 17. Let x = 3 - t. Let h(m) = -2*m - 10. Let n be h(x). What is s(n)?
10
Suppose -14*h + 17*h = 18. Let l = 29 - 16. Let n(c) = -3*c + 5*c + 5 - l. What is n(h)?
4
Let h(m) = m. Let w(v) = -v**3 - 9*v**2 + 15. Let g be w(-9). Let s(d) = d**2 - 13*d - 34. Let i be s(g). Determine h(i).
-4
Suppose -7*i - 2*b = -2*i - 20, 0 = -2*i + 5*b + 8. Let d be (-42)/(-28) - (-18)/i. Let m(p) = p**3 - 6*p**2 - p + 3. What is m(d)?
-3
Let h(u) = u**3 - 4*u**2 - 6*u - 2. Suppose 3*k = j - 0*j - 13, 0 = k + 3. Give h(j).
-26
Let w(t) = -3*t**2 + 14*t + 17. Let h(l) = 4*l**2 - 14*l - 13. Let s(q) = -2*h(q) - 3*w(q). Calculate s(15).
-10
Let j(k) = -k**3 - 7*k**2 - k - 10. Suppose -49 = 6*p + p. Determine j(p).
-3
Let i be ((-12)/(-11))/(-6) - (-136)/22. Suppose -i*d = -5*d - 4. Let t(v) = -v**3 + 6*v**2 - 4*v. Give t(d).
16
Let v(j) be the third derivative of 0 - 1/15*j**5 + 1/120*j**6 + 0*j - 18*j**2 + 2/3*j**3 + 0*j**4. Calculate v(3).
-5
Let a(j) = -1 + 261*j**2 + 40*j - 262*j**2 - 39*j. Give a(0).
-1
Let l be 5/2 + (-4)/(-8). Suppose -w + t - 2*t = -4, l*w - 12 = 4*t. Let d(y) = -9*y + y - y**2 + 4 + 5*y + 4*y. What is d(w)?
-8
Let n(u) = -u - 9. Let z be 1/(13/(-6) + 2). Let a be (0 + 0)/(12/z). What is n(a)?
-9
Suppose 4*a = -5*s + 17, 4*a = -a + 4*s + 11. Let m(c) = -c**3 + 2*c**2 + 3*c - 3. Let y be m(a). Let z(k) = -2*k**2 - 3*k + 1. Calculate z(y).
-8
Let l(v) = -v**2 + 4*v + 4. Let u(m) = -m**2 - 8*m + 15. Let q be (9/4)/(1/(-4)). Let j be u(q). What is l(j)?
-8
Let v(m) = -22*m - 60. Let c(g) = -9*g - 24. Let z(q) = 12*c(q) - 5*v(q). Determine z(-9).
-6
Let t(f) be the third derivative of 0 + 1/6*f**3 + 1/60*f**6 + 1/15*f**5 + 1/8*f**4 + 9*f**2 + 0*f. Give t(-2).
-5
Let s(h) = h + 12. Suppose 9*c + 25 = 7. Let z(y) = y**3 + y**2 - 2*y. Let v be z(c). Determine s(v).
12
Let x(t) = -t**2 - 15*t - 5. Let g(k) = 2*k**3 - 2*k**2 - 5*k - 11. Let r be g(0). What is x(r)?
39
Let h(b) = b**2 + 4*b + 6. Let j be ((-2)/(-1))/((-6)/(-6)) + -9. Calculate h(j).
27
Let r(q) = -q**3 - q**2 + 4*q - 9. Let s(u) = -u**3 - 2*u**2 + 5*u - 10. Let o(g) = 7*r(g) - 6*s(g). Determine o(4).
5
Let p = -23 + 24. Let y(f) = 118*f - 118*f - f**2 + p - 7*f**3. Calculate y(-1).
7
Let l(o) = o**2 - 5 + 1 + 0. Let k be (-27)/18 + 22/4. Suppose -k*s - p + 2 = 0, -3*s - 3*p + 1 = -5. Determine l(s).
-4
Suppose 13*u = -2*u. Let d(g) be the second derivative of 1/2*g**2 - 1/6*g**3 + 7*g + u. What is d(4)?
-3
Let d(z) be the third derivative of z**5/60 - z**4/12 - 7*z**3/6 - 112*z**2. What is d(4)?
1
Let s(g) = -1 + 17117*g**2 - 2 - 17120*g**2 - 16*g. Determine s(-5).
2
Let x(g) = 2*g + 10. Let n be x(3). Suppose n = 4*p - 5*z, 0*z + 8 = 2*p - 2*z. Let c(o) = o**3 - 6*o**2 + 6*o - 5. Determine c(p).
-13
Let s(g) = 23*g - 10*g + 54 - 111 + 54. What is s(-2)?
-29
Suppose 5*r + s + 3*s = 40, 0 = r - 4*s + 16. Suppose -5*p = 2*y, 3*p + 2*y + 12 = r*p. Let o(b) = 3 + b**2 - 3 - 6*b - 3 + b**3 - 6*b**p. Determine o(6).
-3
Let v(b) = 3*b**3 - 5*b**2 + 13*b - 8. Let t(q) = -5*q**3 + 10*q**2 - 26*q + 16. Let n(g) = -4*t(g) - 7*v(g). Give n(-7).
-1
Let b(c) = -3*c**3 + 19*c**2 - 5*c + 25. Let q(g) = g**3 - 6*g**2 + 2*g - 8. Let m(x) = -2*b(x) - 7*q(x). Calculate m(3).
3
Suppose -5*k - 22 = -s + 2*s, 5*k = -5*s - 30. Let a(n) = -5*n**2 - 3*n + 2. Let w be a(k). Let z be (w/(-21) + -4)*7. Let i(c) = c**2 + 5*c. Determine i(z).
6
Let u(r) = -5*r + 8. Let n(p) = 5*p. Let j(z) = -2*n(z) - u(z). Calculate j(-9).
37
Suppose -c = -3*o - 7, 4*c + 4 = -o + 5*o. Let l(j) be the second derivative of -1/2*j**4 - 3*j - j**3 + 0 - 1/20*j**5 - 5/2*j**2. Calculate l(o).
-13
Let k(c) be the first derivative of c**2/2 - 8*c - 2. Let t(r) = 6*r + 42. Let i be t(-7). Calculate k(i).
-8
Let v(w) = -638*w - 297. Let s(p) = -13*p - 6. Let j(q) = 99*s(q) - 2*v(q). What is j(3)?
-33
Let q = -7 - -13. Suppose -4*k - q = -5*b, 4*b - 3 = -5*k + 10. Let p(i) = 0 + 5*i + 2*i**b - i**2 + 7. Calculate p(-5).
7
Let t(u) = -82*u**2 + 54*u**2 - 1 + 56*u**2. Give t(1).
27
Let i(n) = -5*n + 0*n**2 + n**2 + 11*n - 1 - n. Calculate i(-6).
5
Let v(w) = -w**2 - 7*w + 28. Let a be -1 + -4 + -7 + -12 + 14. Determine v(a).
-2
Let p(l) be the third derivative of -5*l**4/24 + l**3/2 - 4*l**2 - 3. Calculate p(5).
-22
Let y(w) be the second derivative of 4*w + 0 + 2*w**2 + 1/12*w**4 - 2/3*w**3. Give y(3).
1
Let s be 26/(-4) - (-7)/(-14). Let n(m) = -3*m**3 + 2*m**2 - 5*m + 12. Let d(t) = t**3 + t**2 - 1. Let r(b) = -4*d(b) - n(b). What is r(s)?
6
Let c(j) be the third derivative of 1/6*j**3 + 0*j + 0*j**4 - 26*j**2 - 1/30*j**5 + 0. Calculate c(-2).
-7
Let k(f) be the third derivative of -1/6*f**4 + 0 + 8*f**2 - 1/40*f**5 + 2/3*f**3 + 1/360*f**6 + 0*f. Let a(q) be the first derivative of k(q). Give a(4).
0
Let b = 586 - 583. Suppose -3*o + 3*w - 6 = 0, w = -4*o - 2*w + 20. Let t(x) = -b*x + 0*x + o*x + x**2 + 3*x. What is t(-4)?
8
Suppose -5*n + 0*m + 19 = 3*m, -n = 5*m - 17. Let u(v) = -2*v + 1. What is u(n)?
-3
Let p(s) be the third derivative of s**6/120 - s**5/10 + 5*s**3/6 - 2*s**2. Let r be ((-90)/21)/(1/14). Let m be (-5)/2*r/25. What is p(m)?
5
Let p(v) = -v**3 - v**2 + 1. Let u(b) = b**3 + 6*b**2. Suppose 7*c = 4*c - 6. Let d(w) = c*p(w) - u(w). Let n be -2 + 2/(-2) + 7. Give d(n).
-2
Suppose -11*r = -2526 - 3359. Let m(n) = 3*n + r - 4*n - 540. Determine m(-7).
2
Let x(j) be the second derivative of j**3 + j**2/2 + j. Let c be 21/5 + -2 - 1/5. Suppose 19 = z - 3*y - y, c*y + 12 = -2*z. Calculate x(z).
-5
Let c(j) = j**3 - 58*j**2 + 167*j - 111. Let b be c(55). Let h(v) be the first derivative of 0*v + 0*v**2 - 2 - 4/3*v**3. Calculate h(b).
-4
Let l = 7 + 23. Suppose -l + 38 = -8*t. Let s(x) = -2*x**2 - 2*x - 1. Give s(t).
-1
Let a(q) = 8*q**2 + 18*q - 34. Let o(v) = -2*v**2 - 6*v + 12. Let f(p) = 3*a(p) + 8*o(p). Determine f(1).
8
Let l(c) = -3*c**2 + 4*c - 3. Suppose 5*g = -2*o + 18, 3*g + 2*o - 8 = 6. Give l(g).
-7
Let y(k) = k**2 + k**3 + 5*k - 4 - 3*k + 0 - 6*k**2. Suppose 2*d + d - 15 = 0. What is y(d)?
6
Let o(r) be the third derivative of -r**6/180 + r**5/30 + r**4/24 - r**3/6 + 13*r**2. Let t(q) be the first derivative of o(q). Calculate t(3).
-5
Let l(r) be the third derivative of r**4/24 + 3*r**3/2 - 47*r**2. Let a(p) = -p. Let d be a(0). Suppose -4*z = -d*z. What is l(z)?
9
Let o(q) be the second derivative of 5/2*q**2 - 18*q - 7/6*q**3 + 1/12*q**4 + 0. Calculate o(6).
-1
Suppose -8*s - 28 - 36 = 0. Let v be 1 - (-69)/(-12) - (-2)/s. Let d(z) = z**2 + 6*z + 2. Determine d(v).
-3
Let h be (8 - 7) + 3 + -1. Suppose h*s = 7*s. Suppose s = 2*p - 2, 0*u = -3*u - 4*p - 17. Let y(w) = -w - 11. Determine y(u).
-4
Let j(r) = -7*r + 16. Let m be j(7). Let p = m + 31. Let z(u) be the second derivative of u**3/2 + u**2/2 + 2*u. Give z(p).
-5
Let d(n) = 2*n + 10. Let u be d(-5). Suppose 6*q + 0*q - 12 = u. Let o(a) = -11*a**2 - 9*a**2 + 21*a**q + 0*a - 5 + 3*a. Calculate o(-4).
-1
Let f = 360 + -855. Let q be (8/(-10))/(22/f). Suppose -30 = 8*k + q. Let l(m) = -m - 8. What is l(k)?
-2
Let d = -46 + 50. Suppose d = a - z + 1, -2*a - 2*z = -6. Let s(j) = -j**3 + 2*j**2 + 4*j - 4. Calculate s(a).
-1
Let l(z) = 50 + 4*z - 27 + 34 - 3. Calculate l(-15).
-6
Let l(a) be the second derivative of -a**6/120 - a**5/12 + 5*a**4/24 + 27*a**2/2 - 26*a. Let s(b) be the first derivative of l(b). Give s(-6).
6
Let s(u) = -u**3 + u + 13. Let k(y) = -3. Let c(d) = -5*k(d) - s(d). Give c(2).
8
Let o(n) = 22*n - 9*n - n + 3 - 3. Suppose 2*g + 4 = 6*g. Determine o(g).
12
Let t(c) be the first derivative of -c**4/4 + c**3 + 4*c**2 + 4*c + 341. Determine t(5).
-6
Let p(b) = -b**3 + b**2. Let g = 11 + 0. Let j be (3 - 0) + g + -11. Suppose 0 = -3*f + 2*r + 12, f - j*r = -0*f + 11. What is p(f)?
-4
Suppose -2*d + 14 +